= b**3 - 3*b**2 + 3. Give u(z).
3
Let q(u) be the first derivative of u**2/2 + u + 1. Give q(3).
4
Suppose 0*i - 4*i + 36 = 0. Let x(k) = 9*k + 13. Let t(c) = 10*c + 13. Let w(u) = -5*t(u) + 6*x(u). Let n(b) = b + 3. Let p(v) = i*n(v) - 2*w(v). Give p(4).
5
Let n(z) = -z**3 + 5*z**2 + 4. Suppose -5 = -16*f + 15*f. What is n(f)?
4
Suppose 5*x - 36 = -4*x. Let b(d) = d - 1. What is b(x)?
3
Let o(i) be the second derivative of -7*i**3/6 + 2*i**2 + 3*i. Let g(w) = 8*w - 5. Let t(f) = 6*g(f) + 7*o(f). Give t(-6).
4
Let i(p) = 3*p - 4. Let a(n) = 12*n - 15. Let w(b) = 2*a(b) - 9*i(b). Determine w(-5).
21
Let d(a) = 8 + 5*a - a + 0 - 3*a. Suppose -3*f = -0*f + 6, o + 2*f = -4. Determine d(o).
8
Let f(w) = -w**2 + 5*w - 2. Let k(j) = -j**2 + 7*j - 3 - 3*j**2 + 3*j**2. Let g be k(6). Calculate f(g).
4
Let l(g) = 5*g**2 + 2*g + 2. Let u be (-96)/56*7/(-2). Let n(d) = -4*d**2 - d - 2. Let j(x) = u*n(x) + 5*l(x). Calculate j(-3).
-5
Let i(w) be the second derivative of w**4/12 + 4*w**3/3 + 3*w**2 - 4*w. Calculate i(-5).
-9
Let y(g) = g**3 + 8*g**2 + 7*g + 4. Let a be y(-7). Let o(z) = 2 + a*z + z - 2*z - 1. What is o(1)?
4
Let r(t) be the third derivative of t**5/60 - 2*t**3/3 - 4*t**2. Calculate r(0).
-4
Let j(o) = o**2 - 4*o. Let y be j(3). Let c(k) = -4*k. Let z(q) = 3*q - 1. Let i(v) = -2*c(v) - 3*z(v). What is i(y)?
6
Let p be (7 + -4)*4/2. Let q(m) = m - 7. What is q(p)?
-1
Let z(a) = -4 + a + 1 + 4*a**3 + 3. Let g = -7 - -12. Suppose -4*n + g*n = 1. What is z(n)?
5
Let w(v) = v**2 + 1. Let i(o) = 5*o - 1. Let f be i(-1). Let c be 2*3/f*1. Let x = 3 + c. Determine w(x).
5
Let c = 15 + -11. Let p(y) = 6*y - c*y + 5*y. Suppose -3 = 2*t + 4*b - 3*b, t + 4*b + 5 = 0. Calculate p(t).
-7
Let b(j) = -j**3 + 11*j**2 + 12*j + 2. Let k(n) = 3*n**3 - 22*n**2 - 25*n - 3. Let v(u) = -5*b(u) - 2*k(u). Determine v(-10).
-4
Suppose -3*k - 4*z = -3, 0 = 2*k + 2*z - 3*z - 13. Let v(d) = 0 - 2*d + 1 + k*d**3 + 4*d. Suppose 3*j - 4*t + 19 = 0, j = -0*j + 3*t - 13. What is v(j)?
-6
Suppose 0 = 3*r - 7 - 5. Suppose 3*d = -r*k - 8, -2*d + 3*k = -6*d - 6. Suppose d = -5*g + 21 - 6. Let z(l) = -l**2 + 3*l - 4. Determine z(g).
-4
Let u(q) = -2*q + 2. Let s be u(2). Let h(l) be the second derivative of l**4/4 + l**3/6 - l**2/2 - 12*l. Calculate h(s).
9
Let j be (-344)/(-480) - 6/9. Let x(w) be the second derivative of w**2 + 1/6*w**4 + 0 + 3*w + j*w**5 + 2/3*w**3. What is x(-2)?
-6
Let m(h) be the first derivative of h**3/3 + 3*h**2 + 4*h - 21. Determine m(-6).
4
Let t(o) = o**2 + 7*o - 4. Let s(l) = -l**2 - 8*l + 5. Let a(i) = -2*s(i) - 3*t(i). Suppose -5*v - 10 = x, 0*v + 1 = -x + 4*v. Calculate a(x).
2
Let b(v) = 2*v - 1. Suppose -24*f = -17*f + 28. What is b(f)?
-9
Let x(f) = -f + 1. Let n be x(1). Let k(z) be the third derivative of -z**6/120 + z**5/60 - 5*z**3/3 - z**2. Determine k(n).
-10
Let r(j) = j + 21. Let n be r(-16). Let k(c) = -4*c + 7. Give k(n).
-13
Let y(h) be the third derivative of h**6/20 - h**5/60 + 5*h**2. Let d be y(1). Let j(s) = -2*s + 4. Calculate j(d).
-6
Let r(c) = -c**2 - 7*c - 4. Let d be r(-7). Let f(x) = -x**2 - 5*x - 4. What is f(d)?
0
Suppose -2*u + 1 = -3. Let m(l) = -6 + 2 - 5*l**u + l + l**3 - 2. Determine m(5).
-1
Let v(h) = h + 3. Suppose -t = -6*t. Suppose t = -o - 7 - 2. Let l be (-21)/o - 2/(-3). Calculate v(l).
6
Let x = 13 + -18. Let p(d) = 3*d**2 - 3*d + 8. Let a(i) = 2*i**2 - i + 4. Let b(f) = 5*a(f) - 3*p(f). Give b(x).
1
Let a(f) = f**2 + 6*f + 1. Let n(g) = 15*g**2 + 1. Let y be n(-1). Suppose 2*r - 6*r - y = 5*d, -4*r + 4 = 0. Give a(d).
-7
Let m be 0/2 + -4*(-25)/20. Let q(c) be the third derivative of -c**5/60 + 5*c**4/24 + c**3/6 + c**2. Calculate q(m).
1
Let j(t) = -2 + 7 + 0*t**2 + t**2 + 4*t - 2. What is j(-2)?
-1
Let n(r) = 5*r**2 - 4*r**2 + r**3 + 0*r**3. Suppose 3*w - a + 1 = 0, -5*a + 4 + 1 = 0. Give n(w).
0
Let j(t) = -t - 1. Suppose -9 = r - 4*r. Let a be (4/(-12))/(r/9). Give j(a).
0
Let p(a) = a**3 - 3*a**2 - 2*a + 3. Suppose 0 = -12*d + 13*d. Suppose -4*o + 2*o + 6 = d. Determine p(o).
-3
Let p(y) be the second derivative of y**4/12 + y**3/6 - 3*y**2/2 - 3*y. Give p(-3).
3
Let o(p) be the first derivative of 2*p**3/3 - 3*p**2/2 + 9*p + 2. Let f(b) = b**2 - 2*b + 4. Let y(m) = -7*f(m) + 3*o(m). What is y(3)?
5
Let u be -6*6/(-72)*-12. Let p(v) = v**3 + 6*v**2 + 6. Give p(u).
6
Suppose -2*w = 4*i + 2*w - 12, -4*i - 2 = -3*w. Let h(s) = -6*s**2 - 4*s - 1. Let m(v) = v**2 + v + 1. Let n(b) = -h(b) - 2*m(b). Calculate n(i).
5
Let t(k) = k - 2. Let i(h) = -h + 1. Let d(z) = 5*i(z) + 2*t(z). What is d(-2)?
7
Let w(a) = -a**2 + 10*a + 3. Let r be w(12). Let d = r - -20. Let s(q) = 6*q**3. Calculate s(d).
-6
Let l = 83 - 86. Let c(z) = z**3 + 3*z**2 + 3*z. Give c(l).
-9
Suppose -3*b - 9 = 0, 44 = -3*l - 5*b - 31. Let t = l - -15. Let f(u) = u**2 + 6*u - 1. What is f(t)?
-6
Let a(j) = 4*j - 3. Let o(s) = 3*s - 2. Let g(i) = -2*a(i) + 3*o(i). Determine g(-3).
-3
Let c(r) = 1 - 7 - 2 - 3*r + 0. What is c(-7)?
13
Let c(b) be the first derivative of 0*b**4 + 3/10*b**5 - b + 1/2*b**2 - 1 - 1/3*b**3. Let g(u) be the first derivative of c(u). What is g(1)?
5
Let i(t) = -t**2 + t + 1. Let c(g) = g**3 - 2*g**2 - 1. Let o(y) = c(y) - i(y). Let z = 10 - 8. Determine o(z).
0
Suppose -4*r + 4 = 4*o - 2*o, 5*o = -5*r - 5. Let y(w) = -w + 1. Let x(t) = 3*t - 14 + 3*t - 2*t. Let d(c) = -x(c) - 5*y(c). Give d(o).
5
Let l(y) = -4*y - 8 + 6*y - y - 2*y. Let s(q) = 3 + 0*q**2 + q**2 + 0*q**2 - 6*q. Let f be s(3). Give l(f).
-2
Let g(w) be the third derivative of -w**4/24 - w**3/3 + w**2. Let v be ((-180)/70)/((-6)/28). Suppose -5*q + 2 = v. Give g(q).
0
Let d(f) = 10*f**3 + f**2 - 1. Suppose 5*h + 3*s - 2*s = 0, 3*h - 5*s = -28. What is d(h)?
-10
Let t(b) be the second derivative of -b**4/12 - 2*b**3/3 + 3*b**2/2 - 13*b. Let h be (-6)/(-27) + (-32)/(-18). Give t(h).
-9
Let p(i) = i**2 - 3*i - 1. Suppose 0*u - 2*u - 2 = 0, 5*r - 61 = u. Suppose 2*k + 2*k = r. Calculate p(k).
-1
Let d(u) = 11*u**2 - 3*u - 1. Let r(x) = -10*x**2 + 2*x + 1. Let l(p) = 4*d(p) + 5*r(p). Give l(1).
-7
Let t = 1 - 2. Let x be (-3)/(-2 + t)*-2. Let j(a) = 2*a**3 + 2*a**2 - 2*a - 2. What is j(x)?
-6
Let n be (-34)/12 + (-4)/24. Let i = 7 + n. Suppose 3*j - 5*h + 6 = -5, 0 = i*j + 5*h - 32. Let o(z) = z**2 - z - 3. Give o(j).
3
Suppose -7*m + 4*m = -6. Suppose -8*h = -6*h - m. Let q(l) = -5*l. Give q(h).
-5
Let m(w) = -1 - 32*w + 31*w + 8. Give m(0).
7
Let f = -4 - -6. Suppose 5*z = f*z + 9. Suppose z = -5*u - 7. Let v(i) = i**3 + 2*i**2 + i - 2. What is v(u)?
-4
Let t be (1 + -3)/(-2) - -6. Let a(b) = 1 + t - 9 + b**2 + 4*b. Give a(-4).
-1
Let z(o) be the first derivative of o**3/3 - o**2 + o - 19. Determine z(2).
1
Let a(d) = -d + 11. Let v(z) = z. Let m(s) = a(s) + 2*v(s). Let w be (1 - 1)/(0 + 1). Determine m(w).
11
Let g(q) = q**2 - 8*q. Let w(a) = -2*a**2 + 8*a + 1. Let i(o) = 3*g(o) + 2*w(o). Calculate i(-8).
2
Let s(r) = r**3 + 4*r**2 - 5*r - 4. Suppose -2*z - 2*n - 11 = -n, 14 = -2*z - 4*n. Calculate s(z).
-4
Let m = 0 - -2. Suppose 2*f = m*z + 14, -z = -4*f + 5*f + 3. Let h(c) = -c**3 + c**2. Give h(f).
-4
Let c(x) = 9*x**3 - 1. Suppose -5*u + 0*u = -5. Calculate c(u).
8
Let k = 2 - -6. Let x = k + -5. Let n(t) = t - 3. Calculate n(x).
0
Let j be 25/10*(-1 + 3). Let m(i) be the first derivative of i**2 + i + 2. Determine m(j).
11
Let t(h) be the second derivative of -h**3/3 - 3*h. Let l = 6 + -6. Suppose v - 4*f = l, -3*f + 16 = 5*v - 7*f. What is t(v)?
-8
Let g(x) = x - 8. Let y be (-36)/(-8)*4/3. Calculate g(y).
-2
Suppose 2*k = k - 1. Let o = 2 - k. Suppose 8 = o*w - w. Let f(v) = v**2 - v - 5. Give f(w).
7
Let x = -8 + 10. Suppose o = -2 + 8. Let a be x*((-15)/o + 2). Let s(f) = -9*f**2 + f + 1. Determine s(a).
-9
Suppose -3*h = -h - 5*n + 7, -2*h = -4*n + 4. Let g(k) = -k**2 + 4. What is g(h)?
-12
Let u(t) = -3 - 11*t**2 + 0 + 10*t**2 - 5*t. Give u(-3).
3
Suppose -y - 1 = -3. Suppose k = -y*k - 15. Let s(d) = -d**2 - 4*d + 4. Determine s(k).
-1
Let d(p) = -p - 3. Let k be d(-6). Let i(z) = z**2 + 4*z**2 + z + 0*z**2 - z**k - 4. Let a be ((-10)/4)/(2/(-4)). Give i(a).
1
Let a(m) = -m**3 + 16*m**2 - 20*m + 23. Let l(n) = n**3 - 16*n**2 + 19*n - 22. Let j(f) = 3*a(f) + 4*l(f). Calculate j(15).
-4
Let c = 212 + -211. Let w(i) be the first derivative of